{"id":3042,"date":"2022-01-06T17:56:39","date_gmt":"2022-01-06T16:56:39","guid":{"rendered":"https:\/\/www.zjednotenizamier.sk\/recenzie\/prawo-przeciw-pudelkom-zjednoczeni-dla-pokoju\/"},"modified":"2022-01-06T17:56:39","modified_gmt":"2022-01-06T16:56:39","slug":"prawo-przeciw-pudelkom-zjednoczeni-dla-pokoju","status":"publish","type":"recenzie","link":"https:\/\/www.zjednotenizamier.sk\/pl\/recenzie\/prawo-przeciw-pudelkom-zjednoczeni-dla-pokoju\/","title":{"rendered":"Prawo Przeciw Pude\u0142kom \/ Zjednoczeni dla Pokoju"},"excerpt":{"rendered":"<p>Go\u015bcie: 1. Lucia \u017dit\u0148ansk\u00e1 (Most-H\u00edd), wiceprzewodnicz\u0105ca partii, R\u00f3bert Madej (Smer-SD), przewodnicz\u0105cy Komisji Prawa Konstytucyjnego Rady Narodowej Republiki S\u0142owackiej 2. Eduard Chmel\u00e1r, koordynator inicjatywy Zjednoczeni dla Pokoju<\/p>\n","protected":false},"featured_media":0,"template":"","_links":{"self":[{"href":"https:\/\/www.zjednotenizamier.sk\/pl\/wp-json\/wp\/v2\/recenzie\/3042"}],"collection":[{"href":"https:\/\/www.zjednotenizamier.sk\/pl\/wp-json\/wp\/v2\/recenzie"}],"about":[{"href":"https:\/\/www.zjednotenizamier.sk\/pl\/wp-json\/wp\/v2\/types\/recenzie"}],"wp:attachment":[{"href":"https:\/\/www.zjednotenizamier.sk\/pl\/wp-json\/wp\/v2\/media?parent=3042"}],"curies":[{"name":"wp","href":"https:\/\/api.w.org\/{rel}","templated":true}]}}

Prawo Przeciw Pudełkom / Zjednoczeni dla Pokoju

<p>Goście: 1. Lucia Žitňanská (Most-Híd), wiceprzewodnicząca partii, Róbert Madej (Smer-SD), przewodniczący Komisji Prawa Konstytucyjnego Rady Narodowej Republiki Słowackiej 2. Eduard Chmelár, koordynator inicjatywy Zjednoczeni dla Pokoju</p>
