{"id":3040,"date":"2022-01-06T17:55:50","date_gmt":"2022-01-06T16:55:50","guid":{"rendered":"https:\/\/www.zjednotenizamier.sk\/recenzie\/obywatele-zainicjowali-inicjatywe-zjednoczeni-dla-pokoju\/"},"modified":"2022-01-06T17:55:50","modified_gmt":"2022-01-06T16:55:50","slug":"obywatele-zainicjowali-inicjatywe-zjednoczeni-dla-pokoju","status":"publish","type":"recenzie","link":"https:\/\/www.zjednotenizamier.sk\/pl\/recenzie\/obywatele-zainicjowali-inicjatywe-zjednoczeni-dla-pokoju\/","title":{"rendered":"Obywatele zainicjowali inicjatyw\u0119 Zjednoczeni dla Pokoju"},"excerpt":{"rendered":"<p>\u0141\u0105cznie 70 osobisto\u015bci \u017cycia politycznego, naukowego i kulturalnego ze S\u0142owacji, Czech, ale tak\u017ce Serbii z okazji 70. W rocznic\u0119 zako\u0144czenia II wojny \u015bwiatowej zaprezentowano dzi\u015b dokument pt. Zjednoczeni dla Pokoju. Wzywa przedstawicieli partii, rz\u0105d\u00f3w i organizacji mi\u0119dzynarodowych do znalezienia i promowania nowej architektury bezpiecze\u0144stwa, kt\u00f3ra spe\u0142nia dzisiejsze potrzeby i gwarantuje r\u00f3wne bezpiecze\u0144stwo wszystkim pa\u0144stwom.<\/p>\n","protected":false},"featured_media":0,"template":"","_links":{"self":[{"href":"https:\/\/www.zjednotenizamier.sk\/pl\/wp-json\/wp\/v2\/recenzie\/3040"}],"collection":[{"href":"https:\/\/www.zjednotenizamier.sk\/pl\/wp-json\/wp\/v2\/recenzie"}],"about":[{"href":"https:\/\/www.zjednotenizamier.sk\/pl\/wp-json\/wp\/v2\/types\/recenzie"}],"wp:attachment":[{"href":"https:\/\/www.zjednotenizamier.sk\/pl\/wp-json\/wp\/v2\/media?parent=3040"}],"curies":[{"name":"wp","href":"https:\/\/api.w.org\/{rel}","templated":true}]}}

Obywatele zainicjowali inicjatywę Zjednoczeni dla Pokoju

<p>Łącznie 70 osobistości życia politycznego, naukowego i kulturalnego ze Słowacji, Czech, ale także Serbii z okazji 70. W rocznicę zakończenia II wojny światowej zaprezentowano dziś dokument pt. Zjednoczeni dla Pokoju. Wzywa przedstawicieli partii, rządów i organizacji międzynarodowych do znalezienia i promowania nowej architektury bezpieczeństwa, która spełnia dzisiejsze potrzeby i gwarantuje równe bezpieczeństwo wszystkim państwom.</p>
