{"id":3038,"date":"2022-01-06T17:55:50","date_gmt":"2022-01-06T16:55:50","guid":{"rendered":"https:\/\/www.zjednotenizamier.sk\/recenzie\/tarsadalmi-szereplok-elinditottak-az-egyesul-a-bekeert-kezdemenyezest\/"},"modified":"2022-01-06T17:55:50","modified_gmt":"2022-01-06T16:55:50","slug":"tarsadalmi-szereplok-elinditottak-az-egyesul-a-bekeert-kezdemenyezest","status":"publish","type":"recenzie","link":"https:\/\/www.zjednotenizamier.sk\/hu\/recenzie\/tarsadalmi-szereplok-elinditottak-az-egyesul-a-bekeert-kezdemenyezest\/","title":{"rendered":"T\u00e1rsadalmi szerepl\u0151k elind\u00edtott\u00e1k az Egyes\u00fcl a b\u00e9k\u00e9\u00e9rt kezdem\u00e9nyez\u00e9st"},"excerpt":{"rendered":"<p>\u00d6sszesen 70 politikai, tudom\u00e1nyos \u00e9s kultur\u00e1lis \u00e9let szem\u00e9lyis\u00e9ge Szlov\u00e1ki\u00e1b\u00f3l, Csehorsz\u00e1gb\u00f3l, de Szerbi\u00e1b\u00f3l is 70 alkalm\u00e1b\u00f3l. A m\u00e1sodik vil\u00e1gh\u00e1bor\u00fa v\u00e9g\u00e9nek \u00e9vfordul\u00f3ja ma bemutatta az Egyes\u00fclve a b\u00e9k\u00e9\u00e9rt c\u00edm\u0171 dokumentumot. Arra sz\u00f3l\u00edtja fel a p\u00e1rtok, korm\u00e1nyok \u00e9s nemzetk\u00f6zi szervezetek k\u00e9pvisel\u0151it, hogy tal\u00e1ljanak ki \u00e9s mozd\u00edtsanak el\u0151 egy \u00faj biztons\u00e1gi architekt\u00far\u00e1t, amely megfelel a mai ig\u00e9nyeknek, \u00e9s egyenl\u0151 biztons\u00e1got garant\u00e1l minden \u00e1llam sz\u00e1m\u00e1ra.<\/p>\n","protected":false},"featured_media":0,"template":"","_links":{"self":[{"href":"https:\/\/www.zjednotenizamier.sk\/hu\/wp-json\/wp\/v2\/recenzie\/3038"}],"collection":[{"href":"https:\/\/www.zjednotenizamier.sk\/hu\/wp-json\/wp\/v2\/recenzie"}],"about":[{"href":"https:\/\/www.zjednotenizamier.sk\/hu\/wp-json\/wp\/v2\/types\/recenzie"}],"wp:attachment":[{"href":"https:\/\/www.zjednotenizamier.sk\/hu\/wp-json\/wp\/v2\/media?parent=3038"}],"curies":[{"name":"wp","href":"https:\/\/api.w.org\/{rel}","templated":true}]}}

Társadalmi szereplők elindították az Egyesül a békéért kezdeményezést

<p>Összesen 70 politikai, tudományos és kulturális élet személyisége Szlovákiából, Csehországból, de Szerbiából is 70 alkalmából. A második világháború végének évfordulója ma bemutatta az Egyesülve a békéért című dokumentumot. Arra szólítja fel a pártok, kormányok és nemzetközi szervezetek képviselőit, hogy találjanak ki és mozdítsanak elő egy új biztonsági architektúrát, amely megfelel a mai igényeknek, és egyenlő biztonságot garantál minden állam számára.</p>
