{"id":3037,"date":"2022-01-06T17:56:39","date_gmt":"2022-01-06T16:56:39","guid":{"rendered":"https:\/\/www.zjednotenizamier.sk\/recenzie\/gesetz-gegen-kisten-vereint-fuer-den-frieden\/"},"modified":"2022-01-06T17:56:39","modified_gmt":"2022-01-06T16:56:39","slug":"gesetz-gegen-kisten-vereint-fuer-den-frieden","status":"publish","type":"recenzie","link":"https:\/\/www.zjednotenizamier.sk\/de\/recenzie\/gesetz-gegen-kisten-vereint-fuer-den-frieden\/","title":{"rendered":"Gesetz gegen Kisten \/ Vereint f\u00fcr den Frieden"},"excerpt":{"rendered":"<p>G\u00e4ste: 1. Lucia \u017dit\u0148ansk\u00e1 (Most-H\u00edd), stellvertretende Vorsitzende der Partei, R\u00f3bert Madej (Smer-SD), Vorsitzender des Verfassungsrechtsausschusses des Nationalrats der Slowakischen Republik 2. Eduard Chmel\u00e1r, Koordinator der Initiative United for Peace<\/p>\n","protected":false},"featured_media":0,"template":"","_links":{"self":[{"href":"https:\/\/www.zjednotenizamier.sk\/de\/wp-json\/wp\/v2\/recenzie\/3037"}],"collection":[{"href":"https:\/\/www.zjednotenizamier.sk\/de\/wp-json\/wp\/v2\/recenzie"}],"about":[{"href":"https:\/\/www.zjednotenizamier.sk\/de\/wp-json\/wp\/v2\/types\/recenzie"}],"wp:attachment":[{"href":"https:\/\/www.zjednotenizamier.sk\/de\/wp-json\/wp\/v2\/media?parent=3037"}],"curies":[{"name":"wp","href":"https:\/\/api.w.org\/{rel}","templated":true}]}}

Gesetz gegen Kisten / Vereint für den Frieden

<p>Gäste: 1. Lucia Žitňanská (Most-Híd), stellvertretende Vorsitzende der Partei, Róbert Madej (Smer-SD), Vorsitzender des Verfassungsrechtsausschusses des Nationalrats der Slowakischen Republik 2. Eduard Chmelár, Koordinator der Initiative United for Peace</p>
