{"id":3039,"date":"2022-01-06T17:55:50","date_gmt":"2022-01-06T16:55:50","guid":{"rendered":"https:\/\/www.zjednotenizamier.sk\/recenzie\/osobnosti-spolecenskeho-zivota-spustily-iniciativu-sjednoceni-za-mir\/"},"modified":"2022-01-06T17:55:50","modified_gmt":"2022-01-06T16:55:50","slug":"osobnosti-spolecenskeho-zivota-spustily-iniciativu-sjednoceni-za-mir","status":"publish","type":"recenzie","link":"https:\/\/www.zjednotenizamier.sk\/cs\/recenzie\/osobnosti-spolecenskeho-zivota-spustily-iniciativu-sjednoceni-za-mir\/","title":{"rendered":"Osobnosti spole\u010densk\u00e9ho \u017eivota spustily iniciativu Sjednocen\u00ed za m\u00edr"},"excerpt":{"rendered":"<p>Celkem 70 osobnost\u00ed politick\u00e9ho, v\u011bdeck\u00e9ho a kulturn\u00edho \u017eivota ze Slovenska, \u010ceska, ale i Srbska u p\u0159\u00edle\u017eitosti 70. v\u00fdro\u010d\u00ed ukon\u010den\u00ed druh\u00e9 sv\u011btov\u00e9 v\u00e1lky dnes p\u0159edstavilo dokument s n\u00e1zvem Sjednocen\u00ed za m\u00edr. Vyz\u00fdvaj\u00ed v n\u011bm p\u0159edstavitele stran, vl\u00e1d a mezin\u00e1rodn\u00edch organizac\u00ed k hled\u00e1n\u00ed a prosazov\u00e1n\u00ed nov\u00e9 bezpe\u010dnostn\u00ed architektury, kter\u00e1 bude odpov\u00eddat pot\u0159eb\u00e1m sou\u010dasnosti a bude garantovat stejnou bezpe\u010dnost pro v\u0161echny st\u00e1ty.<\/p>\n","protected":false},"featured_media":0,"template":"","_links":{"self":[{"href":"https:\/\/www.zjednotenizamier.sk\/cs\/wp-json\/wp\/v2\/recenzie\/3039"}],"collection":[{"href":"https:\/\/www.zjednotenizamier.sk\/cs\/wp-json\/wp\/v2\/recenzie"}],"about":[{"href":"https:\/\/www.zjednotenizamier.sk\/cs\/wp-json\/wp\/v2\/types\/recenzie"}],"wp:attachment":[{"href":"https:\/\/www.zjednotenizamier.sk\/cs\/wp-json\/wp\/v2\/media?parent=3039"}],"curies":[{"name":"wp","href":"https:\/\/api.w.org\/{rel}","templated":true}]}}

Osobnosti společenského života spustily iniciativu Sjednocení za mír

<p>Celkem 70 osobností politického, vědeckého a kulturního života ze Slovenska, Česka, ale i Srbska u příležitosti 70. výročí ukončení druhé světové války dnes představilo dokument s názvem Sjednocení za mír. Vyzývají v něm představitele stran, vlád a mezinárodních organizací k hledání a prosazování nové bezpečnostní architektury, která bude odpovídat potřebám současnosti a bude garantovat stejnou bezpečnost pro všechny státy.</p>
